e?
False
Suppose 0 = 5*r - k + 18, 4*k + 6 = -5*r - 22. Is ((-125072)/(-24))/(r + 28/6) a composite number?
False
Suppose -2*s + 17 = -2*o + 31, 3*o + 4*s = -7. Suppose o*l = -12, -1613 = -x + 3*l + 990. Is x a composite number?
False
Let t(d) be the third derivative of -d**5/60 - 7*d**4/12 + 7*d**3/2 + 15*d**2. Let q be t(-14). Suppose 23*l - 44 = q*l. Is l a composite number?
True
Suppose 2*z + 2*z = 8, 4*z = -5*x + 28. Suppose x*v - 46264 = 17244. Is v a composite number?
False
Suppose n = -5*b + 6048277, 604*b - 601*b = 2*n + 3628961. Is b composite?
True
Let m be 91017/6 + (-45)/10 + 6. Suppose -1434 + m = 3*d. Is d a composite number?
True
Let c(f) = -2*f - 2. Let h be c(0). Let r = 42 - 43. Is 46 + r/(8/12)*h composite?
True
Suppose 2*x + 204225 = c, -35*x + 32*x = 3*c - 612684. Is c composite?
True
Let q(x) = x**3 - 6*x**2 - 17*x + 13. Let h be q(8). Suppose -5*d - 3*l + 5 = -22, 0 = -5*d + h*l + 35. Suppose d*o - 4*o - 2722 = 0. Is o a prime number?
True
Suppose -51902 = -9*o + 197191. Is o a prime number?
False
Let q = -691 - 872. Let k = 4372 - q. Is k a prime number?
False
Is ((-100)/(-75))/((-56)/(-12771822)) composite?
False
Let m(w) = 3656*w**2 + 270*w + 1893. Is m(-7) composite?
True
Suppose -3*n + 229 = 217. Suppose 3*g = 5*f + 11596, -4*g = n*f - 8615 - 6857. Is g a composite number?
True
Suppose 11286 = -29*a + 35*a. Let u = a - 1012. Is u composite?
True
Let h be (-6)/9*18/4. Let f be (-3 - -2 - -2)*3/h. Is -4 + 12/2 + (f - -561) a prime number?
False
Let w(b) = -5*b - 2. Let u(h) = -h**3 - 5*h**2 - 4*h - 3. Let n be u(-4). Let j be w(n). Let s(v) = 56*v + 15. Is s(j) prime?
True
Let w = -147864 - -466883. Is w prime?
False
Let g(p) be the third derivative of 6*p**4 + 53*p**3/6 + 8*p**2. Is g(11) composite?
False
Let v = 2846 + -4400. Let m = v - -5526. Is m/15 - 8/(-40) a composite number?
True
Suppose 3*g + 0*g = 6. Suppose -12038 = -g*k + l, -4*l + 6495 = 5*k - 23574. Is k a composite number?
True
Let o(i) = 93*i**2 - 11*i - 2. Let m be o(7). Let z be (-4)/20 - m/10. Let c = z + 1083. Is c prime?
False
Let h = -203779 - -427140. Is h a prime number?
True
Is 6/(-48)*4*4*-44927 a prime number?
False
Suppose 3*q - 6263 = w + 1108, -q + 2471 = 2*w. Is q a composite number?
False
Suppose 0 = -4*y - v + 225437, 3*y - 3*v - 171096 + 2022 = 0. Is y prime?
True
Let k = 124 + 125. Let r = 18 + -6. Suppose -r*f + 9*f = -k. Is f composite?
False
Let h(w) = 21*w**3 + 18*w**2 + 21*w + 25. Let m be h(25). Suppose -m = l - 26*l. Is l composite?
False
Let s(p) = -1020*p + 1. Let u be s(-2). Let v be 6/(-5)*49000/42. Let i = v + u. Is i a composite number?
False
Suppose 3*j + p = 1024283, 4*p - 2731424 = -8*j + 2*p. Is j prime?
False
Let t(o) be the third derivative of 1/8*o**4 + 0 - 2/3*o**3 + 0*o + 5/4*o**5 + 21*o**2. Is t(-3) a composite number?
True
Let c(f) = f**3 + 10*f**2 - f - 17. Suppose 3*n + 238 - 268 = 0. Is c(n) prime?
True
Let v be (-1)/((-3)/47451) + -4. Suppose -3*t - v = -x - 1862, -27946 = -2*x - 5*t. Is x composite?
False
Let u(i) = -1526*i - 1081. Is u(-22) composite?
False
Let d(b) = 12142*b**2 + 1042*b + 17. Is d(10) a prime number?
True
Suppose -4*n + n = -4*a + 25, 4*a = -4*n + 60. Let p(z) = -4*z + 41. Let o be p(a). Is (o/(-2))/(3/(-1218)) composite?
True
Let o(x) = 0 + 8*x**2 + 0*x**3 - 2 - x**3 + 3. Let t be o(8). Is -2*((-756)/8 + t) prime?
False
Suppose 2*n - 481194 = -a + 64065, 3*n + 2*a - 817891 = 0. Is n composite?
True
Suppose 145*j = -111*j + 5517256 + 6934840. Is j a prime number?
False
Let w(u) = 142*u - 52. Let v be w(15). Suppose -2*q = 4*n - v, -4*q + 2378 = -3*n - 1767. Is q prime?
False
Is (-318205065)/(-2805) - (-12)/(-11) a composite number?
True
Let g be (-10)/4*54/(-27). Suppose -4*z = -3*m + 3629, m - 3*m + 2427 = g*z. Is m prime?
False
Let r = 114 + -185. Let f = r + 69. Is 393 - f/(-3 - -5) prime?
False
Let t(r) = -5*r**3 - r**2 - 10*r + 1. Suppose 0 = -9*b + 10*b + 3. Is t(b) a prime number?
True
Suppose -7064 = 4*o + 2*a, 0*o = 3*o - a + 5293. Let l = o + 2880. Is l composite?
True
Let r = 3362 + -1398. Suppose 21*y - r = 19*y. Suppose 6*h = y + 536. Is h prime?
False
Let q = -71505 + 181522. Is q composite?
False
Suppose -4*l = 4, 0 = 4*m + 6*l - 5*l - 7. Is (3/(-30)*m)/(3/(-87195)) a composite number?
False
Let d = 1965960 + -1392713. Is d composite?
False
Let r be 15/(-10) + 15513/6. Suppose r + 1880 = 9*b. Let p = 974 - b. Is p a prime number?
False
Let i(w) be the first derivative of 223*w**3/3 + 5*w**2/2 + 10*w - 11. Let n be i(-4). Is (-4)/6*n/(-4) a prime number?
True
Let m(q) = 1335*q - 133. Is m(32) a prime number?
False
Let k be (-6)/(-15) + (-546)/15. Let z be 4/(-18) + (-152)/k. Suppose -z*q - 1398 = -2*i, -2*q + 15 = -5*q. Is i composite?
True
Let h be (21/24)/((-1)/4)*14. Let d(v) = -v**3 - 48*v**2 + 11*v - 85. Is d(h) a composite number?
False
Let i = -104 - -189. Suppose -3058 = -i*u + 83*u. Is u composite?
True
Suppose 3*s + 3*h - 19029 - 8949 = 0, 18634 = 2*s - 4*h. Is s a composite number?
False
Suppose 24*u = 26*u - 4. Suppose u*k + 14193 = 11*k. Suppose -4*x + k - 61 = 0. Is x prime?
True
Let z(p) = -2*p**2 - 2*p + 3. Let s be z(2). Suppose 4226*t + 12060 = 4214*t. Is (1 + 2)*t/s prime?
False
Let d(z) = 208*z + 16. Let t be d(16). Suppose -20*w + t = -4*w. Is w a composite number?
True
Let f = -170041 - -3642908. Is f composite?
False
Let f(t) be the third derivative of t**6/120 + 7*t**5/20 + 17*t**4/12 + 9*t**3/2 + 33*t**2. Is f(-19) composite?
False
Let s(v) = -907*v**3 + v**2 + 4*v + 3. Let d be (-11)/(-4) + 8/32. Suppose d*c + 4 = 3*x - 8, x - 19 = 4*c. Is s(x) a prime number?
True
Suppose 228077 = -57*a - 552823. Let f = a - -21469. Is f prime?
False
Let t(p) = 2013*p**2 - 64*p + 204. Is t(11) a composite number?
False
Suppose 11*a = -0*a + 2090. Let v = a + 6763. Is v composite?
True
Suppose 0 = 5*n + 2*b + 41, -6*b + 1 = -n - 4*b. Let z(l) be the second derivative of l**5/20 + 2*l**4/3 - l**3/2 + 13*l**2/2 - 7*l. Is z(n) a prime number?
True
Let x = -34 + 45. Suppose -14*y + x*y - 9 = 0. Is (-2302*y/6)/(2 + -1) a composite number?
False
Let j = 96188 + -32482. Let m = 113319 - j. Is m a composite number?
False
Let b(r) = 3*r**3 - 55*r**2 + 99*r - 1. Let n(y) = -y**3 + 18*y**2 - 33*y. Let s = 7 + -15. Let i(j) = s*n(j) - 3*b(j). Is i(16) composite?
True
Suppose -9*l = 4*l - 214500. Let m = 27469 - l. Is m a prime number?
False
Let q = -196 + 196. Suppose q = 5*h - 4*r - 6225, -3*h + r = 511 - 4239. Is h prime?
False
Let z be 1/(-1) - (-17 + 14). Let x(m) = 2*m - 6. Let g be x(z). Is 7/(2/(76/(-1))*g) a prime number?
False
Let b = -198 + 69. Is (-1 - 4) + 92/(-1)*b a prime number?
True
Let z = 42145 - 16056. Is z composite?
True
Let g be 0 + (-21)/(-6) - 3/(-2). Suppose 4*k - g*j = 8696, -5*k + 4*j = -k - 8700. Is k a composite number?
False
Suppose x + 3037858 = 5*m, 2*m + 4*x - 480351 = 734779. Is m a composite number?
True
Let x = 3060 + 84. Suppose 0 = -120*n + 124*n - x. Suppose n = -k + 7*k. Is k a prime number?
True
Suppose -7*r = -58*r + 4217649. Is r a prime number?
True
Is 19/988*17259484 - (3 - 74/26) a composite number?
True
Suppose -3*t + 27 = 3. Suppose -4*b = -t, -2*b + 7*b + 1496 = -3*y. Is (y/4)/(13/(-26)) a prime number?
True
Suppose -80*l + 278057 + 2580263 = 0. Is l prime?
True
Suppose 3*a + 9 = 2*s, -3*s + 5*a + 3 = -11. Suppose 1104 = s*t + x - 3*x, 1844 = 5*t - 2*x. Suppose 8*b - t = -74. Is b a prime number?
True
Let k = 781 + -3135. Let t = -1613 - k. Suppose 39*i - 42*i + t = 0. Is i a composite number?
True
Let i(b) = 24505*b + 5511. Is i(7) a composite number?
True
Suppose 3*b - 1860647 = w, 4*b + 307*w - 312*w = 2480892. Is b a composite number?
True
Let y(v) = -v**3 - 12*v**2 + 19*v - 56. Let f be y(-23). Let u = 8103 - f. Is u a composite number?
False
Let q(v) = v**2 + 7*v - 52. Let y be q(-12). Is 83419/y + 60/(-160) a composite number?
False
Suppose 0 = 4*c - 2*h - 290464, 5766 + 212055 = 3*c + 3*h. Is c prime?
True
Let b be (-15)/((-405)/18) - 6538/(-3). Let f = 5107 - b. Is f composite?
False
Let i(m) = m**2 - 3*m. Let h be i(3). Suppose a + a - a = h. Is a + (-2)/1 + 322/2 a composite number?
True
Let m(j) = j - 7. Suppose -v = 3*v - 5*k - 4, -2*k = -8. Let r be m(v). Is r*((-6)/(-8) - (-55725)/(-12)) a prime number?
Tr